et a be (d*(5 - 1))/(-1). What is g(a)?
-2
Let g(i) be the first derivative of i**4/4 + 8*i**3/3 + 9*i**2/2 + 238. Calculate g(-7).
-14
Let h be (3 + (-48)/10)*(-10)/3. Let j(l) = -4 + 5*l + 11 - h. Determine j(-2).
-9
Suppose -5*q - 5*o = -5, -o + 61 = 2*q + 64. Let w(g) = 5*g + 16. Determine w(q).
-4
Let t(k) = 516*k - 1549*k + 514*k + 520*k + 32. Give t(0).
32
Let g(o) be the third derivative of 3*o**4/8 + o**3/3 - 55*o**2. Give g(-2).
-16
Suppose q - 17 = 2*a, 3*q + 13 = -4*a - 2*q. Let d be a/(-2)*72/42. Let x(r) be the third derivative of -r**5/60 + 7*r**4/24 - r**3 + 21*r**2. Give x(d).
0
Suppose 4*y + 8 = 4*h, 2*y + h = -0*h + 2. Suppose -4*t + 2*t + 4 = y. Let m(a) = 2*a**2 - 2*a - 2. Give m(t).
2
Let l = -2 - -9. Let h(f) = f**2 - 8*f + 7. Let o be h(l). Suppose 3*p + o*p = -6. Let i(x) = x + 2. Determine i(p).
0
Let q(b) = b**3 - b**2 + 4*b - 3. Let f be (11 - (8 + 1))*1. Determine q(f).
9
Let b be (-4)/6 + (-8)/6. Let p(s) be the second derivative of -2*s**3/3 - s**2/2 + 215*s. Calculate p(b).
7
Let d(r) = 5*r + 17. Let s(z) = -28*z - 86. Let m(g) = 11*d(g) + 2*s(g). What is m(0)?
15
Let r(a) = -a**2 - 1. Let j = -26 - -47. Let l be ((-105)/315)/(0 + 1/(-57)). Let m = j - l. Give r(m).
-5
Let p(m) = m**3 - 24*m**2 - 24*m - 20. Let t be p(25). Let w(g) be the second derivative of -1/10*g**t + 0 - 1/3*g**3 + 0*g**2 + 1/6*g**4 - 5*g. Determine w(2).
-12
Let m(f) be the second derivative of f**4/12 - 5*f**3/3 + 7*f**2/2 - 297*f. Calculate m(7).
-14
Suppose 4 = 3*t + 25. Let q(a) = -41*a - 9. Let x(y) = 10*y. Let l(r) = -q(r) - 4*x(r). What is l(t)?
2
Suppose 0 = -2*p + 2*w + 18, -7 = -5*p + 2*p - w. Let x(a) = -3 - 4 + 122*a**2 - 123*a**2 + 5*a + 2. Determine x(p).
-1
Let d(s) be the second derivative of -s**4/12 + 13*s**3/6 - 8*s**2 - 7*s - 4. Give d(11).
6
Let j(s) be the second derivative of -s**5/60 - 5*s**4/24 - 2*s**3/3 - 18*s**2 + 34*s. Let a(t) be the first derivative of j(t). Calculate a(-3).
2
Suppose -3*d - 21 = f + 2*d, 0 = -2*f - 3*d - 7. Let r be 3/9 - (-69)/9. Let l(j) = -3 - j + r + 6 - f. What is l(6)?
1
Let y(j) = 2*j**2 - 4 + 0*j - 5*j + 2*j + j**3. Let o be 3/(-12) + (-44)/16. Calculate y(o).
-4
Let j(f) = -5*f. Let v(o) = 7*o + 1. Let g(m) = 5*j(m) + 4*v(m). Let a be (-2)/8 + 33/(-12). Calculate g(a).
-5
Suppose -18 - 7 = -5*t. Suppose -11 - 8 = 4*z - t*s, -z = s - 2. Let f(k) be the second derivative of 3*k**5/20 - k**3/6 + k. Give f(z).
-2
Let c(j) = 2*j**2 + 10*j - 7. Let x(o) = -o**3 - 6*o**2 - 19*o - 76. Let t be x(-5). Calculate c(t).
5
Let n(s) = -s**2 - 9*s + 3. Let t be n(-10). Let o(q) be the second derivative of q**5/20 + 7*q**4/12 + 2*q**2 + 18*q. Calculate o(t).
4
Let a(f) = -15 - 8 - f**2 - 3*f - 7 - 11 + 40. Let u be (-4 - 2)*2/3. What is a(u)?
-5
Let q(m) = m**3 - m + 18. Suppose 33*o = -25*o. What is q(o)?
18
Let s(o) = -4*o**2 + o. Let u(n) = 15*n**2 + 17*n + 29. Let x(c) = 4*s(c) + u(c). Determine x(22).
7
Let l(b) be the second derivative of -b**5/10 + b**4/2 - b**3/6 + 3*b**2/2 + 10*b + 33. Calculate l(3).
0
Let t(v) = 9*v**3 + 7*v**2 + 14*v - 29. Let l(u) = 5*u**3 + 4*u**2 + 8*u - 14. Let o(h) = -7*l(h) + 4*t(h). Calculate o(0).
-18
Let y = 430 - 426. Let q(z) = 2*z - 7. Give q(y).
1
Let v(k) = -6*k - 16. Let a be v(-3). Let w(t) = 9*t + 10*t**a - 10 - 22*t**2 + 11*t**2. Calculate w(7).
4
Let m(i) = -10*i - 22. Let w(k) = -3*k. Let r(h) = -m(h) + 3*w(h). What is r(-25)?
-3
Let m(u) = -u**3 + 4*u**2 - 4. Suppose 0 = -13*a - 4 + 56. Determine m(a).
-4
Let t(f) = f**2 - 16*f - 10. Let k be t(17). Let w(i) = 2 - 8 - 4*i**2 + 5*i**2 + k + 2*i. Let v(l) = -l**3 + 3*l**2 - 2*l - 2. Let n be v(2). What is w(n)?
1
Let l(t) = -3*t**2 + 2*t + 2. Let x(d) = -8*d**2 + 4*d + 3. Let y(p) = 5*l(p) - 2*x(p). Determine y(4).
28
Let g(k) = 14*k**2 + 17*k - 10. Let w(x) = 5*x**2 + 6*x - 3. Let v(f) = 2*f + 7. Let r be v(-9). Let u(z) = r*w(z) + 4*g(z). Give u(-5).
8
Let a(i) = -3 - i - 1 + 5. Let v be 90/50*(-5)/(-1). Suppose 2*m + v = 4*j - 15, 5*m = j + 3. What is a(j)?
-6
Suppose -2*x + x - 1 = 0. Let s(t) be the third derivative of t**5/12 + t**4/24 - 57*t**2. What is s(x)?
4
Let f(v) be the third derivative of 5/6*v**3 - 34*v**2 + 1/60*v**5 + 0*v + 0 - 7/24*v**4. What is f(5)?
-5
Let q(w) be the second derivative of 5*w**4/3 - w**2/2 - w - 9. What is q(1)?
19
Let x(h) = h - 5. Suppose 3 = -8*c + 19. Calculate x(c).
-3
Let c(r) = 4*r**2 - 3*r**2 + 983*r - 974*r + 8. Give c(-8).
0
Let a(p) be the third derivative of p**4/24 + p**3 - 2*p**2. Let w be a(-3). Let h(d) = d + 7*d - d**2 - w*d. Calculate h(5).
0
Let w(g) be the second derivative of g**4/12 - 2*g**3 + 5*g**2/2 - 45*g - 1. Calculate w(11).
-6
Let b(g) = 2*g**2 - 6*g - 5. Suppose 0 = -0*q + 4*q + 4. Let x(o) = -o - 1. Let d(n) = q*b(n) + 5*x(n). Give d(2).
-6
Let z(b) = 2*b**2 + 10*b + 20. Let r be z(-3). Let k(w) = -w + 13. What is k(r)?
5
Let t be ((-44)/(-66) + (-40)/6)*(-2 - -1). Let z(q) = -q**3 + 7*q**2 - 11*q. Let a(w) = w. Let r(v) = -5*a(v) - z(v). Give r(t).
0
Let o(q) = -4*q + 2. Suppose -y - 3*z = 13, 0 = y - 4*z - 5 - 3. Let i = -2 - y. Give o(i).
-6
Let d(k) = -k**3 - 2*k**2 + 2. Let w(f) = 6*f**3 + 4*f**2 + 4*f - 14. Let l(z) = 5*d(z) + w(z). Calculate l(6).
20
Let p(z) be the second derivative of 2*z**4/3 + z**3/6 + z**2/2 + 391*z. Suppose 3*r = -3*a - 6, -3*r - r = -2*a + 2. Calculate p(r).
8
Suppose -4*i + 5 = 1, -3*i - 72 = 5*u. Let h be 27/u - 4/(-5). Let c(x) = -x**3 - 1. Determine c(h).
0
Let x(m) be the second derivative of 2*m**4/3 + m**2/2 - 89*m. Give x(1).
9
Let b(t) = -3*t**2. Let y be 18/4 - (-5)/10. Suppose -4*j - 29 = -y*r, j - 3*r = -0 - 16. Give b(j).
-3
Let n(w) = w**3 + 13*w**2 + 11*w + 1. Suppose 0 = -5*z - 4*q - 44, -q = 5*z + 22 + 34. Give n(z).
13
Let k(v) be the second derivative of -v**4/12 + 5*v**3/6 + v**2 - v. Let s = -18 + 34. Suppose -3*x + 2 = -s. Calculate k(x).
-4
Let t(w) = -w**3 + 2*w**2 + 2*w + 5. Let c(q) = -q**2 + q - 1. Let j be -1*(-4)/(4/(-1)). Let b(h) = j*t(h) - 4*c(h). Calculate b(-4).
-9
Let v = 196 + -193. Let w(r) = r**3 - 4*r**2 + r + 5. Give w(v).
-1
Suppose -2*z - x + 5 = -4, 0 = -3*z - 5*x + 3. Suppose z*v + 2 = 26. Let r(h) = 2 + h**2 - 12*h + 0*h**2 + 7*h. Determine r(v).
-2
Let d(c) = -9*c + 197*c**3 - c + 1 + 7*c**2 - 196*c**3. What is d(-8)?
17
Let f(x) = x**2 + 5*x - 5. Let d(c) = -3*c + 5*c**2 + 39*c**3 - 4*c**2 - 38*c**3 - c. Let p be 16/(-5) + 4/20. Let g be d(p). Give f(g).
1
Let h be (-4)/(2/(-4 - -3)) - 0. Let b(x) = 9*x - 1. Give b(h).
17
Let l(n) be the first derivative of 5*n**4/4 - 6*n**3 - n**2 - 17*n + 19. Let x(g) = -2*g**3 + 6*g**2 + g + 6. Let o(i) = -3*l(i) - 8*x(i). What is o(-6)?
15
Let r be 2*((-15)/6)/5. Let w be ((2 - -1) + -6)*r. Let d(x) = -w*x - 2*x + 5*x - 2*x - 5. Calculate d(-4).
3
Let j(d) be the first derivative of d**3/3 - 5*d**2/2 + 2*d - 1. Let f(y) = 3*y**2 - 26 + 10 + 20 - 4*y. Let b be f(1). Give j(b).
-4
Let b(z) = 5*z**3 - 5*z**2 + 9*z + 7. Let r(x) = 2*x**3 - 3*x**2 + 5*x + 3. Let f(o) = 3*b(o) - 7*r(o). Let v = -292 + 285. Calculate f(v).
7
Let x = 1 - 0. Let i be (-31*(-1)/(-4))/((-2)/8). Let t(s) = -32*s - s**2 - s**2 + i*s - s**2. Determine t(x).
-4
Let r(n) = n**3 + 2*n**2 - 6*n - 4. Let j be (((-6)/4)/3)/((-9)/72). Let z be (j - 4 - 0) + -4. Calculate r(z).
-12
Let c(w) be the third derivative of -w**5/60 + 5*w**4/24 - 5*w**3/6 - 37*w**2 + 6*w. Determine c(6).
-11
Let b(a) be the second derivative of 1/360*a**6 + 0*a**2 + 1/20*a**5 + 0 - a**3 + 1/8*a**4 + 4*a. Let y(x) be the second derivative of b(x). Calculate y(-4).
-5
Let n(v) = 26*v + 4 + 3*v**2 - 27*v - 2. Let z be n(-3). Let d be (z/(-24))/((-2)/6). Let l(x) = -3*x + 2. Determine l(d).
-10
Let n(q) = -4*q**2 + 13*q - 5. Let h(y) = -3*y**2 + 12*y - 5. Let s(m) = -5*h(m) + 4*n(m). Calculate s(-9).
-4
Let y(a) = 7*a - 32. Let x be y(5). Let l(r) be the first derivative of r**4/4 - 5*r**3/3 + 5*r**2/2 - 2*r + 1. Determine l(x).
-5
Let u(r) = -3*r - 35. Let l be u(-15). Suppose l = 2*v - 4*i, 3*v - 3*i + 0*i - 15 = 0. Let n(f) = -f + 1 + 4 + 1. Give n(v).
1
Let k(l) = -3*l + l**2 + 7*l - 4*l**2. Let a(o) = o + 6. Let m be a(-4). Suppose -3*b + 2*w = -11, 5*b + w + m = 16. Determine k(b).
-15
Suppose -2*k = k + 9. Let s(u) = -u - 2. Let j(w) be the third derivative of -w**4/24 - w*